 first derivative of -d**3/3 + 5*d**2/2 + 8*d + 6. What is p(6)?
2
Let y(b) = b + 2. Let x(i) = i + i - 3*i + 1. Let v(f) = x(f) - y(f). Let w be v(-2). Let u(h) = h - 6. Calculate u(w).
-3
Let u(d) = -d**2 + 4*d + 3. Let s(k) = -k + 7. Let o be s(6). Suppose 18 = 4*r + 6. Let g = r + o. Calculate u(g).
3
Let r be 17/3 + (-2)/(-11 + 5). Let i(k) = -4*k + k**2 + 9 - 3*k + 0*k**2. Calculate i(r).
3
Let a be 8/(-3)*(-6)/4. Let l be 6/a + 21/(-6). Let x(b) = -4*b. Give x(l).
8
Let o(j) be the first derivative of -j**4/4 + 5*j**3/3 + 3*j**2/2 - 4*j - 4. Calculate o(4).
24
Let q(w) = -1 + 1 - w**2 + 5*w - 4. Let i be -1 + 0 - (11 - 16). Calculate q(i).
0
Let f(a) = -4*a**2 - a - 1. Let n(t) = -3*t**2 - 7*t - 4. Let x be n(-2). Calculate f(x).
-15
Let a(c) = -1 + 4*c**2 + 5*c**2 - 5*c**2 + c - c**3. Let n(l) = 6 + 4*l - 2 - l**2 + 0 - 5*l. Let o be n(0). What is a(o)?
3
Let h = 9 - 3. Let u(r) = -1 + 1 + 7*r**2 - 6*r - 6 - 6*r**2. What is u(h)?
-6
Let a(g) = -g - 8. Let r(q) = -11*q**2 - 9*q + 16 - q**3 - 11 + 0*q**3. Let t be r(-10). What is a(t)?
-3
Let x(y) = 39*y**2 + 31*y**2 + 9*y - 102*y**2 - 9 + 31*y**2. Determine x(8).
-1
Let j(i) be the second derivative of -i**6/45 + i**5/120 + i**4/24 - i**3/6 + 3*i. Let h(z) be the second derivative of j(z). What is h(-1)?
-8
Let o(r) = -r**3 + r**2 - r + 3. Suppose -2*t = -5*t. Let v(n) = n**3 + n**2 - n + 4. Let c be v(t). Suppose -f = c*f. What is o(f)?
3
Suppose 0 = a - z - 40, 3*a + 2*z - 96 = -z. Let m be a/(-30) - (-1)/5. Let g(d) = 9*d + 1. What is g(m)?
-8
Let p(t) = -t**2 - t + 1. Let y(v) = 3*v**2 + 2*v - 2. Let a(c) = 2*p(c) + y(c). Let s = 59 - 59. Determine a(s).
0
Let r = -11 - -7. Let d = -13 - -16. Let l(a) = -d*a + a**2 + 11*a - 5 - 5*a. Calculate l(r).
-1
Let g(m) be the third derivative of m**5/60 - 7*m**4/24 + 7*m**3/6 - 10*m**2. Calculate g(6).
1
Let y(f) = -f - 4*f + 2*f**2 + 2*f**2 - 6 + f**3. Suppose o = 2*j - 3*o + 4, -4*j + 4*o = 4. Let d = j - 5. Give y(d).
-6
Suppose 0 = -3*g + a + 6, -2*g + 6*a = 3*a + 3. Let h(k) = -k - 1 + g - 1 + 5. Calculate h(0).
6
Let w(k) be the first derivative of -k**4/4 - k**2/2 + 18. Calculate w(-2).
10
Let o(j) = 3*j**2 - j**2 - 3*j**2 + 2 - 3*j. Let g = 0 + 3. Suppose g = -2*f - 3. Calculate o(f).
2
Let c(x) = x + 1. Let u = -1 + 5. Suppose -3 = -4*b - 5*i - 4, u*b + 31 = 5*i. Let y be c(b). Let l(w) = -w**2 - w + 3. Determine l(y).
-3
Suppose -3*i + 20 = 2. Let q be (0 - 2) + 42/i. Let x(o) = -o + 11. What is x(q)?
6
Let l(r) = 7*r**3 - 6*r**2 + 5*r. Let a(d) = 2*d**2 + d + 0*d - 3*d**2 + d**3. Let n(z) = -4*a(z) + l(z). Let c = 13 - 12. Calculate n(c).
2
Suppose 10*u - 6 - 34 = 0. Let n(m) be the third derivative of -m**6/120 + m**5/15 + m**4/24 + m**3/3 + m**2. Determine n(u).
6
Let g(c) be the second derivative of -2*c**3/3 - 5*c**2/2 - 58*c. Calculate g(-7).
23
Let l = 16 + -17. Let o(g) = 8*g**2 + 1. Calculate o(l).
9
Let t = -14 + 12. Let d(k) = k**2 + 1. Determine d(t).
5
Let w(s) be the third derivative of -s**9/60480 + s**8/10080 - s**6/360 - s**5/15 + 4*s**2. Let c(r) be the third derivative of w(r). Give c(2).
-2
Let c(h) = 2*h**2 + 6*h + 1. Let b be c(-4). Let q(d) = -d**3 + 9*d**2 + 5. Let g be q(b). Let z(r) = r - 3 - 2 - 5. Calculate z(g).
-5
Suppose 7 = -5*g + 4*y - 11, 3*g = 2*y - 10. Let m(z) = 3*z + 1. Give m(g).
-5
Let r(p) = -1 + 4*p**2 - 2*p - 4*p**2 - 4*p**2. Let l = -9 + 12. Suppose -l*c = -c + 2. Give r(c).
-3
Let b(z) = 16*z + 5*z - 13*z. Determine b(-1).
-8
Let f(h) = h**3 + 7*h**2 - h - 2. Let k(z) = -z**2 + 1. Let p(a) = f(a) + 6*k(a). Let m = 1 + -1. What is p(m)?
4
Let m(g) = -3*g**3 + 13*g**2 + 9*g + 8. Let h(v) = -v**3 + 6*v**2 + 4*v + 4. Let r(c) = -5*h(c) + 2*m(c). Let j be (-9 + 1)*4/8. Give r(j).
4
Let v(h) be the second derivative of h**3/6 - 3*h**2 + 5*h. Suppose -o = -5*t + 19, -t + 4*t = -5*o + 17. Let b = 6 - o. Give v(b).
-1
Let h(d) be the first derivative of -d**4/4 - 2*d**3 - 3*d**2 - 4*d + 53. What is h(-5)?
1
Let m(g) = -g + 3. Let l be m(-8). Let f(v) = 6*v + 2. Let w be f(-3). Let d = l + w. Let y(s) = s**2 + 7*s + 2. Determine y(d).
-8
Let v(y) = -y. Let b(s) = -12*s - 1. Let d(c) = b(c) - v(c). What is d(-1)?
10
Suppose -8*x + 10 = -3*x. Let w(c) = 6 - c**3 + 3*c - x*c + 0*c - 6*c**2. Give w(-6).
0
Let n(g) = -9*g + 6. Let i be ((-64)/6)/((-3)/9). Suppose -5*w - i - 33 = 0. Let f(y) = 4*y - 3. Let d(o) = w*f(o) - 6*n(o). Determine d(-3).
-3
Let p = 17 - 23. Let w be (-4)/p*(7 - 4). Let n(t) = -7*t - 1. What is n(w)?
-15
Let s(m) = -m**2 - 5. Let h(r) = -r**2 - 2*r + 1. Let u be h(-2). Let d be (-1 - (0 + 0)) + u. Give s(d).
-5
Let z be (-8)/(-2 - (1 + -1)). Let m(g) = -g**2 + 2*g + 1. Calculate m(z).
-7
Let j(q) = q - 3. Let y(u) = u**2 - 3*u + 3. Suppose 0*f + 6 = 3*f. Suppose 5 = f*p - o, 5*p + 5*o - 3*o = 17. Let s be y(p). What is j(s)?
0
Let h(b) = -1 - 4 + 92*b - 91*b. Give h(4).
-1
Let x(d) = 7*d + 15. Let t(a) = 15*a + 31. Let s(q) = 6*t(q) - 13*x(q). Determine s(-7).
-2
Let s(l) = -4*l**3 + l**2 + 2*l + 2. Let t(z) = -7*z**3 + 3*z**2 + 4*z + 4. Let v(a) = -5*s(a) + 3*t(a). Calculate v(4).
10
Let w(t) = t**2 + 6*t + 2. Suppose 2*r - r - 50 = 0. Suppose 3*z + 4*n + 6 = r, -z = 2*n - 16. Suppose -2*u + 0*u - z = 0. Calculate w(u).
2
Let g(b) = -3*b**2 - b**3 + b + 7 - 2 + b + 3*b. Let k(y) = -2*y + 2. Let f be k(3). What is g(f)?
1
Let a(h) = -4*h**3 - 6*h**2 - 4*h - 2. Let x(j) = -7*j**3 - 11*j**2 - 8*j - 4. Let g(d) = -5*a(d) + 3*x(d). What is g(-3)?
10
Let h(k) be the first derivative of k**5/60 + k**4/24 - 2*k**3/3 - k**2/2 + 1. Let r(o) be the second derivative of h(o). Let g = 37 + -34. Calculate r(g).
8
Let b(t) = -t**2 - 5*t - 7. Let d = 41 + -46. Determine b(d).
-7
Let g = 8 + -6. Let n(v) = -2*v**2 + 2*v**2 - 2*v + 0*v**2 + g*v**2. What is n(2)?
4
Let p(l) = l + 6. Suppose -w + 16 = 3*w. Suppose 3*t = -5*b - 0*t - 27, -b + w*t = -13. Determine p(b).
3
Let r(i) = -i + 5. Let j be 2/12 - 70/(-12). Suppose 4 = -4*o, -2*o + j*o = -5*p + 26. Determine r(p).
-1
Let d(o) = -9*o + 3. Let y(a) = -3*a + 1. Let q(w) = -2*d(w) + 7*y(w). Suppose -8*n - 12 + 20 = 0. Calculate q(n).
-2
Let l be 8/6*(-60)/(-8). Let d be (-4)/l*(0 - -5). Let w = d + -2. Let k(m) = m**2 + 6*m + 5. Determine k(w).
-3
Let c(f) = -3 - 5*f - 2 + 6 + 5. Calculate c(4).
-14
Let j(y) = -y**2 + 6*y - 3. Let k = -10 + 15. Let n be j(k). Let z(c) = c - c - n*c. Determine z(1).
-2
Suppose -4*b = -2*b. Let d(i) = i + 6. Calculate d(b).
6
Let l(g) = 2*g**2 - g - 1. Suppose 2*r + 2 = 4*r. Let y be (r/1)/(-2 - -1). Determine l(y).
2
Let m be 0/(-3 + (-2)/(-2)). Suppose -x + 5*x = m. Let p(u) = -116*u**2 - 3*u - 5 + 4*u + 117*u**2. Determine p(x).
-5
Suppose 4*j = -0*j + a + 10, -11 = -3*j - a. Suppose -h = j*h. Let c(l) = h*l - 2*l**2 - 2 - 1 + l**2 - 5*l. What is c(-5)?
-3
Let c(m) = m**3 + 7*m**2 - 4*m - 29. Let i be c(-7). Let r(k) = k**3 - k**2 - k. Determine r(i).
-1
Let r(v) = v**2 - 6*v + 1. Suppose -2*h + 8 = -0. Suppose h*o + 9 = 29. Calculate r(o).
-4
Let w be ((-42)/(-27))/(8/(-6)) - -2. Let b(h) be the third derivative of 0*h - h**2 + 0 + 1/24*h**4 - w*h**3. Determine b(6).
1
Suppose 0 = 3*a - 26 - 106. Let j = -17 + a. Let w(c) = 2*c - j + 26 - c. Give w(-3).
-4
Let m = 6 + -4. Let u(x) = 30 - 23*x - 28 + 19*x. Give u(m).
-6
Let j(u) = 5*u - 7. Let w be 0 + (-8)/(-1) - 2. Let o(m) = 6*m - 8. Let h(f) = w*o(f) - 7*j(f). Give h(4).
5
Let h = -47 - -52. Suppose -3*k = -5*z + 2*k + 30, -2*z - 5*k = 16. Let i(r) = -2 + 1 - 2 + z*r. Calculate i(h).
7
Let v(r) = -r - 3. Suppose 20 = 6*m - 2*m. Suppose h - d = -3, 6*d - 2*d = -m*h - 15. Give v(h).
0
Let c(u) = -u**2 + 4. Let p be c(0). Let f = -4 + p. Let b(n) = n - 1. Let v(k) = -k**2 + 6*k - 7. Let r(s) = 6*b(s) - v(s). Give r(f).
1
Let l(s) be the first derivative of -22 + 31 + 2*s**2 - 3*s**2 + 0*s**2 + 2*s. What is l(-2)?
6
Let u(y) = y**2 - 1. Let p(r) = -r - 4. Let f be p(-2). Let t(q) = q**2 - 9*q - 10. Let z(j) = f*u(j) + t(j). Determine z(-6).
10
Let z(c) = 3*c - 2. Let h be ((-10)/(-8))/(1/4). Let f(i) = -3*i. Let t be f(-1). Suppose -w = 2*g - t, -h*g + 30 = -w - 4*w. Give z(g).
7
Let p = -16 - -16. Let l = p - -5. Let g(u) = -u**2 + 4*u + 1. Give g(l).
-4
Let d(l) = 4*l**3 - 9*l**2 + l - 9. Let w(n) = -n**3 + n**2 - n + 1. Let p(j) = -d(j) - 5*w(j). Let u